ist the prime factors of v.
2
Let q be 2/(-7) - 270/(-63). Suppose -4*u - u + 80 = 2*w, q*u = 8. List the prime factors of w.
5, 7
Let z(j) = -3*j**2 - 17*j + 7. Let u(l) = -2*l**2 - 17*l + 7. Let d(o) = -4*u(o) + 3*z(o). What are the prime factors of d(13)?
3, 5
Suppose 2*u - 14 = t - 4*t, 0 = -3*u - 4*t + 23. Suppose i - 40 + u = 0. List the prime factors of i.
3
Let n(o) = -4*o. Let q be n(4). What are the prime factors of (-18)/8*q/2?
2, 3
Let t(s) be the third derivative of -s**4/24 + s**3/2 + 2*s**2. List the prime factors of t(-5).
2
Let f = 4 + -2. Let y(l) = 19*l**2 + 9*l + 8 - 20*l**f + 4. List the prime factors of y(10).
2
Suppose -4*k + 60 = 4*z, 2 = -5*z - 3*k + 71. Let b = z + -5. What are the prime factors of b?
7
Suppose -j = 3*t - 4*t - 7, -9 = j + 3*t. Suppose 4*n - j*p + 73 = 194, 5*n = p + 165. Suppose u + u = n. What are the prime factors of u?
17
Let f(m) = 16*m**2 - 1. Suppose -20 = 4*z + 4*b, -8*b = z - 4*b + 17. What are the prime factors of f(z)?
3, 5
List the prime factors of (-58*6/4)/((-3)/2).
2, 29
Let g(n) = 9*n - 1. Let j be g(3). Suppose 0*c + 12 = -4*c, u - 5*c - j = 0. List the prime factors of u.
11
What are the prime factors of 18/(-8)*(-240)/18?
2, 3, 5
Let p(u) = -u**3 + 3*u**2 + 3*u - 3. Let f be (1 - (-1 - -4)) + 5. Suppose -2*h = -f*h + 3. List the prime factors of p(h).
2, 3
Suppose 2*a - g - 519 = -2*a, -2*g = -3*a + 393. What are the prime factors of a?
3, 43
Let t be 5/(-20) - (-170)/8. Suppose -2*f = -3*n + t, n = 5*f - 3*f + 7. List the prime factors of n.
7
Let u(t) = -t**2 - 8*t + 8. Let b be -3 - (2 - 1 - 9). Suppose -b*h - r = 23 + 7, 0 = 3*h - 5*r + 46. List the prime factors of u(h).
3, 5
Let u be -3 + -10 + 3 - -1. Let l = -5 - u. Suppose -l*j + j = -5*a - 12, -a + 4 = j. List the prime factors of j.
2
Let l be (8/(-6))/((-5)/15). Suppose -l*w - w = -125. What are the prime factors of w?
5
Suppose 0 = 2*i + 2*i - 5*a - 1, -a = -4*i - 19. What are the prime factors of 2/3 + (-326)/i?
5, 11
Suppose 0 = -3*p + 5*p. Suppose -2*z + p*z = 8. Let u = z - -7. What are the prime factors of u?
3
Suppose 2*m - 3*d = 6, 4*m - 22 = -d - 10. Suppose m*q = -0*q + 21. What are the prime factors of q?
7
Let l = -217 + 359. List the prime factors of l.
2, 71
List the prime factors of ((-24)/(-7))/(3/21).
2, 3
Let p(t) = 9*t - 12. Let l(n) = -n - 1. Let x(a) = -2*l(a) + p(a). Let q(r) = -10*r + 9. Let u(f) = -7*q(f) - 6*x(f). List the prime factors of u(2).
5
Let m = -21 - -39. Suppose 0*b - b = -3, 3*c + 2*b - m = 0. Suppose -o - 5*s - 7 = 0, -2*o + c*s + 52 = 3*o. What are the prime factors of o?
2
Let n(p) = p**2 - 8*p - 3. Let t be n(5). Suppose 2*d - 48 - 6 = 0. Let v = d + t. What are the prime factors of v?
3
Let y(n) be the third derivative of n**5/30 + 7*n**4/24 - n**3/3 + 4*n**2. What are the prime factors of y(-5)?
13
Let s(w) = -6*w + 3 + 5*w + 2*w + w**2. List the prime factors of s(3).
3, 5
Let x(i) = 26*i - 9. Let y be x(5). Suppose 5*d = -21 + y. What are the prime factors of d?
2, 5
Let r = -38 - -23. List the prime factors of 328/20*r/(-6).
41
Let c(o) be the first derivative of -o**4/4 - o**3/3 + o**2 + 24*o - 9. What are the prime factors of c(0)?
2, 3
List the prime factors of (3/3)/(6/546).
7, 13
Let y(d) = d**3 - 3*d**2 - 5*d - 6. Let q be y(6). Suppose -n = 2*n - 2*c - 1, 3*n - 3*c = -3. Suppose 7*r = n*r + q. What are the prime factors of r?
2, 3
Suppose -3 - 56 = -u. List the prime factors of u.
59
Let h(r) = 5*r + 4. Let x be h(-5). Let l(a) = a - 5. Let m be l(5). Let f = m - x. What are the prime factors of f?
3, 7
Suppose 6 = 3*h + 2*j + j, 2*h + j - 4 = 0. List the prime factors of h.
2
Suppose -15 = -2*o - 5*u, o + 20 = -2*u + 5*u. List the prime factors of 1 - (0 + -1) - o.
7
Let r(p) = p**2 + 8*p - 16*p - 2*p**2 - 3. Suppose -4*a + a - 15 = 0. What are the prime factors of r(a)?
2, 3
Let z = 298 + -199. List the prime factors of z.
3, 11
Let r(y) = 93*y**3 + 2*y**2 - 1. Let i be r(1). Suppose -n - 2*n = -l - 71, -2*l = -4*n + i. List the prime factors of n.
2, 3
Let q(t) = t**2 + 7*t + 1. Let f be q(-6). Suppose -2*s + 5*s + 53 = -5*m, -4 = -s. Let p = f - m. What are the prime factors of p?
2
Let f = 150 + -75. What are the prime factors of f?
3, 5
Let o(b) = b - 1. Let m be o(-3). Suppose 3*c - 2 = 16. Let y = c + m. What are the prime factors of y?
2
Suppose -7*d + 414 + 1595 = 0. List the prime factors of d.
7, 41
Suppose -s + 4*f + 1 = -0*s, 5*f = -s + 1. What are the prime factors of 22*5/2 - s?
2, 3
Let c = 24 + 17. What are the prime factors of c?
41
Suppose 0 = -3*f - 12, -7 = 5*c - 2*f - 20. Suppose -4*d - c = 7. What are the prime factors of (1 + -15)*d/4?
7
Suppose -3*w - w = 0. Let b(h) = -h**3 + h**2 + 2*h + 3. List the prime factors of b(w).
3
Suppose -121 = -4*u + 143. List the prime factors of u.
2, 3, 11
Let s = 10 + -5. Suppose 2*y - 86 = 5*c, s*y + 2*c = -3*c + 145. What are the prime factors of y?
3, 11
Suppose 0 = -5*l + 4*g + 43, l - 6*g = -g - 4. List the prime factors of (-3 + l)/(2 + 0).
2
Let m(n) = -n**3 - 7*n**2 + 3*n - 2. Suppose -4*p - 8 - 24 = 0. List the prime factors of m(p).
2, 19
Suppose 2 = 3*a - 1, 4*n + 41 = 5*a. Let m = 0 - n. What are the prime factors of m?
3
What are the prime factors of (-996)/(-8)*(8/3)/2?
2, 83
Suppose 5*k - 25 = -o - 4*o, -3*o + 19 = 5*k. List the prime factors of 16/(-6)*(-3)/k.
2
Suppose 5*p = 3*v + 548, 3*v + 2 = -1. What are the prime factors of p?
109
Suppose -t + 2*t = 12. Let q be 2 - (t/(-3))/1. Let w(d) = -d**2 + 7*d - 3. List the prime factors of w(q).
3
Suppose -3*f + 6*f = 0. Let x = -49 + 52. Suppose f*h = x*h - 45. List the prime factors of h.
3, 5
List the prime factors of (-1)/(2/5*(-5)/10).
5
Let a be (-1 + -8)*3/(-9). Let d(m) = m + 4*m + 0*m - a. What are the prime factors of d(2)?
7
Let r(x) = x**3 + 12*x**2 + x + 15. Let g be r(-12). Suppose h - g*h = -6. Suppose -f = -h*v + 8, -2*v = -0*v - f - 6. What are the prime factors of v?
2
Let z be (-1)/4 + 42/8. Suppose g + 12 = z*g. List the prime factors of (8/g)/(3/9).
2
Let l = 34 + -22. Suppose -h = 2*h - l. Suppose 4*p = -h*v + 20, 2*p + 37 = 5*v + 3*p. What are the prime factors of v?
2
Suppose u + 15 = 2*u + 5*m, 9 = u + 2*m. Let z(d) = -d + 5. Let p be z(u). Suppose -q + s + 11 = p, 4*q = 3*q - 4*s + 16. What are the prime factors of q?
2, 3
Let w(k) = -2*k**2 + 0*k**2 + k**3 - 1 - 2*k**3 + 0*k**3 + 5*k. What are the prime factors of w(-4)?
11
Suppose -300 = 3*x - 4*x. Suppose -4*m = m - x. Suppose 5*n + 0*n = m. List the prime factors of n.
2, 3
Let l be 1 + 0 + (0 - -56). Suppose 4*o - l = -f - 4, -o - 3*f + 16 = 0. List the prime factors of o.
13
Let l be (2 - 2)/(1 + 0). Suppose -a = 5*f - 8, l = f + 3*f + 4*a. Suppose 2*z = 5*c + 25, -48 = 2*z - 7*z - f*c. List the prime factors of z.
2, 5
Suppose q = -3*q. Suppose w + 2*w = q. Let m(d) = -d**3 + 6. What are the prime factors of m(w)?
2, 3
Suppose 0*a = 2*a - 16. List the prime factors of a/2*81/36.
3
Let k(w) = -w**3 - 5*w**2 + w + 4. What are the prime factors of k(-6)?
2, 17
Let b(q) = -2*q - 3. Let v be b(4). Let n = v + 18. Suppose -2*o - 2*t - 26 = -n*o, 5*t = 4*o - 31. List the prime factors of o.
2
Let w = 2 + 9. List the prime factors of w.
11
What are the prime factors of ((-22)/(-8))/(3/36)?
3, 11
Let i(w) be the second derivative of -2*w - 9/2*w**2 + 5/12*w**4 - 4/3*w**3 + 0 + 1/20*w**5. List the prime factors of i(-6).
3
Let d = 113 - 53. Suppose 4*s = -s - d. Let h = -4 - s. List the prime factors of h.
2
Let r be -2*1*1 - -37. Let h = r - 19. Let k = -5 + h. What are the prime factors of k?
11
List the prime factors of 826/16 - (-21)/56.
2, 13
Suppose 106 = 2*l + 4*b, 3*l - 5*b = -l + 264. What are the prime factors of l?
61
Let v = -106 + 250. List the prime factors of v.
2, 3
List the prime factors of (-23)/230 + (-4782)/(-20).
239
Let t = 29 + 34. List the prime factors of t.
3, 7
List the prime factors of (-2)/(-5) - (-2 - (-2392)/(-20)).
2, 61
Suppose 9*k = k + 1296. List the prime factors of k.
2, 3
Let f = 124 + -85. What are the prime factors of f?
3, 13
Suppose -3*y - 12 = -3. What are the prime factors of (1/y)/(4/(-84))?
7
Let i be (-47 + 1)*(-6)/12. Suppose i = -n + 2*n. What are the prime factors of n?
23
Let a be (-2)/(-4)*0 - -4. Suppose -a*b + 6 = 